de 24026?
False
Does 16 divide 3433?
False
Does 35 divide 805?
True
Does 5 divide 2727?
False
Is 649 a multiple of 50?
False
Does 9 divide 60523?
False
Is 3673 a multiple of 159?
False
Is 20 a factor of 5599?
False
Is 4 a factor of 348?
True
Is 294 a multiple of 42?
True
Is 42 a factor of 32059?
False
Is 718 a multiple of 9?
False
Is 137 a factor of 16216?
False
Does 11 divide 2134?
True
Does 19 divide 9310?
True
Is 327 a multiple of 6?
False
Does 9 divide 1101?
False
Does 4 divide 328?
True
Does 29 divide 3364?
True
Is 2266 a multiple of 50?
False
Is 215 a multiple of 43?
True
Is 9 a factor of 2293?
False
Is 4 a factor of 4283?
False
Is 16459 a multiple of 227?
False
Is 630 a multiple of 6?
True
Is 40 a factor of 230?
False
Does 30 divide 17127?
False
Is 3401 a multiple of 8?
False
Is 27305 a multiple of 127?
True
Is 84 a factor of 5784?
False
Does 155 divide 954?
False
Does 20 divide 160?
True
Is 181 a factor of 36631?
False
Is 1819 a multiple of 14?
False
Does 64 divide 6171?
False
Is 79 a factor of 5135?
True
Does 7 divide 10375?
False
Is 2 a factor of 10?
True
Is 104 a factor of 5883?
False
Is 18360 a multiple of 6?
True
Is 5 a factor of 1770?
True
Is 114 a factor of 12650?
False
Is 36648 a multiple of 18?
True
Is 19 a factor of 95?
True
Is 1827 a multiple of 9?
True
Does 49 divide 10815?
False
Does 45 divide 27225?
True
Is 2 a factor of 537?
False
Is 3160 a multiple of 79?
True
Is 17 a factor of 93500?
True
Is 25 a factor of 2125?
True
Does 86 divide 39813?
False
Is 71 a factor of 12833?
False
Is 931 a multiple of 13?
False
Is 18220 a multiple of 20?
True
Is 27268 a multiple of 17?
True
Is 3092 a multiple of 100?
False
Is 99 a factor of 26531?
False
Does 6 divide 6824?
False
Is 95 a factor of 570?
True
Does 18 divide 106?
False
Is 253 a multiple of 8?
False
Does 3 divide 4133?
False
Is 60 a factor of 960?
True
Is 1400 a multiple of 35?
True
Does 153 divide 79594?
False
Is 7296 a multiple of 96?
True
Is 37458 a multiple of 18?
True
Is 16 a factor of 43542?
False
Does 25 divide 4175?
True
Does 10 divide 1690?
True
Does 33 divide 2904?
True
Is 11 a factor of 22581?
False
Is 158109 a multiple of 21?
True
Is 34500 a multiple of 100?
True
Is 354 a multiple of 6?
True
Is 13 a factor of 5110?
False
Does 10 divide 4510?
True
Is 65 a factor of 650?
True
Does 127 divide 6477?
True
Is 3360 a multiple of 16?
True
Does 52 divide 50061?
False
Does 30 divide 3240?
True
Does 15 divide 41683?
False
Is 66 a factor of 1386?
True
Is 15 a factor of 486?
False
Does 106 divide 37630?
True
Is 286 a multiple of 26?
True
Does 7 divide 5638?
False
Is 3 a factor of 144?
True
Is 10897 a multiple of 22?
False
Is 3162 a multiple of 62?
True
Is 50520 a multiple of 24?
True
Does 5 divide 110?
True
Is 14 a factor of 26836?
False
Does 17 divide 4063?
True
Does 20 divide 12685?
False
Is 79 a factor of 10349?
True
Does 6 divide 336?
True
Does 23 divide 49?
False
Does 27 divide 5400?
True
Does 6 divide 2862?
True
Is 4958 a multiple of 3?
False
Is 6 a factor of 15913?
False
Is 21 a factor of 11932?
False
Is 23 a factor of 2852?
True
Is 36 a factor of 4325?
False
Is 19 a factor of 6251?
True
Does 4 divide 644?
True
Does 14 divide 1067?
False
Is 32 a factor of 832?
True
Is 20449 a multiple of 121?
True
Is 39 a factor of 55430?
False
Is 15 a factor of 742?
False
Is 1905 a multiple of 15?
True
Is 12 a factor of 11580?
True
Is 106 a factor of 558?
False
Is 39 a factor of 52626?
False
Does 2 divide 29?
False
Is 19 a factor of 15734?
False
Does 7 divide 2443?
True
Is 1025 a multiple of 25?
True
Is 2236 a multiple of 86?
True
Is 196 a multiple of 4?
True
Is 220 a multiple of 20?
True
Is 44484 a multiple of 22?
True
Does 17 divide 2144?
False
Is 7976 a multiple of 20?
False
Is 10 a factor of 94184?
False
Is 20950 a multiple of 81?
False
Is 2465 a multiple of 14?
False
Does 62 divide 7688?
True
Does 137 divide 5789?
False
Does 25 divide 1803?
False
Is 128016 a multiple of 14?
True
Is 7 a factor of 8074?
False
Does 21 divide 4536?
True
Is 27 a factor of 136?
False
Is 37 a factor of 2207?
False
Does 9 divide 640?
False
Is 2685 a multiple of 3?
True
Is 40 a factor of 699?
False
Is 17 a factor of 121?
False
Does 63 divide 3761?
False
Is 43 a factor of 1770?
False
Does 25 divide 2375?
True
Is 38066 a multiple of 14?
True
Is 36 a factor of 1764?
True
Does 292 divide 23360?
True
Is 3816 a multiple of 20?
False
Does 91 divide 4914?
True
Is 142 a factor of 83354?
True
Does 18 divide 1584?
True
Is 81 a multiple of 8?
False
Is 36123 a multiple of 168?
False
Does 5 divide 202?
False
Does 38 divide 4140?
False
Is 648 a multiple of 18?
True
Is 5457 a multiple of 168?
False
Is 84 a factor of 1848?
True
Does 5 divide 531?
False
Is 12 a factor of 3989?
False
Does 29 divide 904?
False
Does 5 divide 380?
True
Is 4 a factor of 992?
True
Is 2664 a multiple of 9?
True
Is 571 a multiple of 2?
False
Is 81 a factor of 4698?
True
Is 13 a factor of 1287?
True
Does 58 divide 519?
False
Is 22 a factor of 682?
True
Is 10 a factor of 978?
False
Is 46 a factor of 1273?
False
Is 9 a factor of 981?
True
Is 67 a factor of 1742?
True
Is 211 a factor of 122973?
False
Is 27 a factor of 10395?
True
Does 61 divide 95?
False
Is 53 a factor of 2371?
False
Is 25 a factor of 850?
True
Is 9 a factor of 889?
False
Is 21 a factor of 5418?
True
Does 62 divide 81716?
True
Does 32 divide 1643?
False
Is 150 a multiple of 25?
True
Does 206 divide 412?
True
Does 117 divide 5031?
True
Is 5 a factor of 1750?
True
Is 172 a factor of 4988?
True
Does 5 divide 21995?
True
Does 15 divide 7110?
True
Is 13 a factor of 5807?
False
Does 113 divide 30095?
False
Is 116 a factor of 160312?
True
Is 12 a factor of 126?
False
Does 37 divide 25567?
True
Is 124 a multiple of 34?
False
Is 10731 a multiple of 94?
False
Is 51919 a multiple of 4?
False
Does 22 divide 1320?
True
Is 24013 a multiple of 41?
False
Is 44 a factor of 1284?
False
Does 18 divide 36554?
False
Is 3276 a multiple of 34?
False
Is 9888 a multiple of 96?
True
Is 804 a multiple of 12?
True
Is 29 a factor of 262?
False
Does 11 divide 1260?
False
Does 14 divide 57470?
True
Is 22752 a multiple of 24?
True
Is 12 a factor of 500?
False
Is 22 a factor of 108?
False
Is 6 a factor of 1104?
True
Does 16 divide 941?
False
Is 4121 a multiple of 24?
False
Is 17 a factor of 1355?
False
Does 90 divide 8010?
True
Is 500 a multiple of 10?
True
Is 28 a multiple of 14?
True
Is 14 a factor of 1048?
False
Is 37 a factor of 93166?
True
Is 24 a factor of 1176?
True
Does 4 divide 13452?
True
Is 7175 a multiple of 41?
True
Is 8174 a multiple of 118?
False
Does 33 divide 1081?
False
Does 20 divide 5077?
False
Does 146 divide 72854?
True
Does 76 divide 37693?
False
Is 25 a factor of 183?
False
Does 42 divide 24891?
False
Does 20 divide 4820?
True
Does 27 divide 346?
False
Does 39 divide 3198?
True
Is 5 a factor of 10159?
False
Is 4878 a multiple of 156?
False
Is 4 a factor of 2268?
True
Is 46 a factor of 258?
False
Does 19 divide 418?
True
Is 2 a factor of 2108?
True
Is 10 a factor of 980?
True
Is 2125 a multiple of 17?
True
Is 27 a factor of 1726?
False
Is 32 a factor of 768?
True
Does 21 divide 10510?
False
Is 68627 a multiple of 13?
True
Is 40 a factor of 504?
False
Is 140 a multiple of 10?
True
Is 3088 a multiple of 16?
True
Does 20 divide 1282?
False
Is 54137 a multiple of 43?
True
Is 124 a factor of 12409?
False
Does 17 divide 204?
True
Is 9 a factor of 1368?
True
Does 71 divide 6958?
True
Is 1535 a multiple of 24?
False
Is 15 a factor of 29610?
True
Is 2907 a multiple of 29?
False
Is 7 a factor of 14?
True
Does 3 divide 83?
False
Does 41 divide 246?
True
Does 28 divide 3752?
True
Is 1831 a multiple of 6?
False
Is 116 a factor of 324?
False
Does 402 divide 27042?
False
Does 24 divide 65979?
False
Does 29 divide 232?
True
Does 28 divide 280?
True
Is 12150 a multiple of 90?
True
Does 24 divide 624?
True
Does 11 divide 6842?
True
Is 28 a factor of 22708?
True
Does 279 divide 127224?
True
Does 3 divide 186?
True
Does 35 divide 665?
True
Is 17816 a multiple of 17?
True
Is 15 a factor of 490?
False
Is 420 a multiple of 23?
False
Does 15 divide 4740?
True
Does 14 divide 1264?
False
Is 5 a factor of 9250?
True
Is 18 a factor of 800?
False
Is 61 a factor of 2128?
False
Is 15 a factor of 7305?
True
Is 69 a factor of 